{"id":7,"date":"2020-08-18T08:44:07","date_gmt":"2020-08-18T08:44:07","guid":{"rendered":"https:\/\/unerhoert.net\/?page_id=7"},"modified":"2023-08-21T23:19:47","modified_gmt":"2023-08-21T21:19:47","slug":"blog","status":"publish","type":"page","link":"https:\/\/unerhoert.net\/?page_id=7","title":{"rendered":"Blog"},"content":{"rendered":"<h2>\n                    <a href=\"https:\/\/unerhoert.net\/screening-dido-und-aeneas\/\"><br \/>\nScreening Dido und Aeneas                    <\/a><\/h2>\n<p><!-- .elementskit-entry-header END --><\/p>\n<p>Nordsee-Zeitung, 28.04.2021 Die Oper Dido und Aeneas des englischen Komponisten Henry Purcell ist zugegebener Ma\u00dfen schon \u00fcber 300 Jahre alt. Aber das in der Oper beschriebene gesellschaftliche Leben mit all seinen Fallstricken bietet Anlass genug, aus heutiger Sicht einen Blick zwischen dem Ich und seinen pers\u00f6nlichen W\u00fcnschen\/Tr\u00e4umen und den Aufgaben, die die Anderen f\u00fcr einen [\u2026]<\/p>\n<p><!-- .elementskit-post-footer END --><br \/>\n<!-- .elementskit-post-body END --><br \/>\n<!-- .elementskit-blog-block-post .radius .gradient-bg END --><br \/>\n<a href=\"https:\/\/unerhoert.net\/u114\/\"><br \/>\n<img decoding=\"async\" src=\"https:\/\/unerhoert.net\/wp-content\/uploads\/2021\/08\/Now21-1024x576.jpg\" alt=\"Unerh\u00f6rt 114 -Wolfgang Schliemann Portraitkonzert\"><br \/>\n<\/a><!-- .elementskit-entry-thumb END --><\/p>\n<h2>\n                    <a href=\"https:\/\/unerhoert.net\/u114\/\"><br \/>\nUnerh\u00f6rt 114 -Wolfgang Schliemann Portraitkonzert                    <\/a><\/h2>\n<p><!-- .elementskit-entry-header END --><\/p>\n<p>Ein percussives Geburtstagsst\u00e4ndchen von Wolfgang Schliemann Sa. 9. Oktober 16 Uhr Der Wiesbadener Schlagwerker Wolfgang Schliemann begleitet seit \u00fcber 30 Jahren die musikalischen Explorationen und Projekte von Unerh\u00f6rt. Der geschulte Improvisator ist ein unerm\u00fcdlicher Netzwerker f\u00fcr die Neue Musik in Hessen. Er ist Mitinitiator von ARTist \u2013 Musik zur Zeit und dem HumaNoise Kongress.<\/p>\n<p><!-- .elementskit-post-footer END --><br \/>\n<!-- .elementskit-post-body END --><br \/>\n<!-- .elementskit-blog-block-post .radius .gradient-bg END --><br \/>\n<a href=\"https:\/\/unerhoert.net\/u113\/\"><br \/>\n<img decoding=\"async\" src=\"https:\/\/unerhoert.net\/wp-content\/uploads\/2021\/08\/Logo-Votragsreihe-Jubilaeum-1024x457.png\" alt=\"Unerh\u00f6rt 113 Klangpol zu Gast in Bremerhaven\"><br \/>\n<\/a><!-- .elementskit-entry-thumb END --><\/p>\n<h2>\n                    <a href=\"https:\/\/unerhoert.net\/u113\/\"><br \/>\nUnerh\u00f6rt 113 Klangpol zu Gast in Bremerhaven                    <\/a><\/h2>\n<p><!-- .elementskit-entry-header END --><\/p>\n<p>Klangpol-Konzert 2021 \u201eFormale Freiheit, experimentelle Verfahren, Bruitismus und Collage Bedient wird sich frech im weltenumspannenden musikalischen Kosmos. Kein Label h\u00e4lt l\u00e4nger als das Musikst\u00fcck, das zur Auff\u00fchrung gebracht wird.\u201c Unerh\u00f6rt- Verein f\u00fcr Neue Musik e.V. er\u00f6ffnet mit dem Klangpolfestival seine Jubil\u00e4umswoche zum gemeinsamen 30. Geburtstag im Historischen Museum Bremerhaven mit einer audio-visuellen Museumsbespielung. Ralf Schreiber [\u2026]<\/p>\n<p><!-- .elementskit-post-footer END --><br \/>\n<!-- .elementskit-post-body END --><br \/>\n<!-- .elementskit-blog-block-post .radius .gradient-bg END --><br \/>\n<a href=\"https:\/\/unerhoert.net\/u112\/\"><br \/>\n<img decoding=\"async\" src=\"https:\/\/unerhoert.net\/wp-content\/uploads\/2021\/08\/Bild-16.08.21-um-22.40-768x1024.jpg\" alt=\"Unerh\u00f6rt 112 \u2013 Langsaiten\"><br \/>\n<\/a><!-- .elementskit-entry-thumb END --><\/p>\n<h2>\n                    <a href=\"https:\/\/unerhoert.net\/u112\/\"><br \/>\nUnerh\u00f6rt 112 \u2013 Langsaiten                    <\/a><\/h2>\n<p><!-- .elementskit-entry-header END --><\/p>\n<p>Zusammen mit dem Pianisten Josep Maria Balany\u00e0 (Barcelona) und Ralf Schreiber (K\u00f6ln) realisiert Jens Carstensen eine neue Langsaiteninstallation in der Christuskirche in Bremerhaven. Integriert in das Konzert bekommt das Konzept \u201eZiemlich Einsaitig\u201c nach den Pr\u00e4sentationen auf den Langen N\u00e4chten der Neuen Musik in Oldenburg und Bremen eine weitere Facette. Diese \u201eeinsaitige\u201c performative Installation mit und [\u2026]<\/p>\n<p><!-- .elementskit-post-footer END --><br \/>\n<!-- .elementskit-post-body END --><br \/>\n<!-- .elementskit-blog-block-post .radius .gradient-bg END --><\/p>\n<h2>\n                    <a href=\"https:\/\/unerhoert.net\/jens-carstensen\/\"><br \/>\nJens Carstensen                    <\/a><\/h2>\n<p><!-- .elementskit-entry-header END --><\/p>\n<p>leitet die Musik- und Medienwerkstatt an der Oberschule Geestem\u00fcnde. In dieser Eigenschaft organisiert er im Rahmen der kulturellen Bildung k\u00fcnstlerisch orientierte Projekte mit Musik, Film, Theater und bildender Kunst. Ehrenamtliches Vorstandsmitglied bei Unerh\u00f6rt-Verein f\u00fcr Neue Musik e.V. in Bremerhaven Als Komponist und Musiker arbeitet Jens Carstensen konzeptionell mit Interesse an den Beziehungen zwischen Klangraum\/Auff\u00fchrungsort und [\u2026]<\/p>\n<p><!-- .elementskit-post-footer END --><br \/>\n<!-- .elementskit-post-body END --><br \/>\n<!-- .elementskit-blog-block-post .radius .gradient-bg END --><br \/>\n<a href=\"https:\/\/unerhoert.net\/wir-uber-uns\/\"><br \/>\n<img decoding=\"async\" src=\"https:\/\/unerhoert.net\/wp-content\/uploads\/2020\/08\/eiswerk_abacus5copy.jpg\" alt=\"Wir \u00fcber uns\"><br \/>\n<\/a><!-- .elementskit-entry-thumb END --><\/p>\n<h2>\n                    <a href=\"https:\/\/unerhoert.net\/wir-uber-uns\/\"><br \/>\nWir \u00fcber uns                    <\/a><\/h2>\n<p><!-- .elementskit-entry-header END --><\/p>\n<p>Unerwartete Kl\u00e4nge an ungew\u00f6hnlichen Orten sind seit mehr als 30 Jahren das Markenzeichen f\u00fcr die Konzerte des Vereins f\u00fcr Neue Musik \u201eUnerh\u00f6rt\u201c. Bereits um die Mitte der 1980er Jahre organisierte ein Kreis von Musikenthusiasten in Bremerhaven Konzerte mit junger zeitgen\u00f6ssischer Musik. Neben dem \u00bbalternativen\u00ab Kulturzentrum RoterSand wurden schnell Auff\u00fchrungsorte in Galerien, Kirchen, Schiffsbauhallen und alten [\u2026]<\/p>\n<p><!-- .elementskit-post-footer END --><br \/>\n<!-- .elementskit-post-body END --><br \/>\n<!-- .elementskit-blog-block-post .radius .gradient-bg END --><\/p>\n","protected":false},"excerpt":{"rendered":"<p>Screening Dido und Aeneas Nordsee-Zeitung, 28.04.2021 Die Oper Dido und Aeneas des englischen Komponisten Henry Purcell ist zugegebener Ma\u00dfen schon \u00fcber 300 Jahre alt. Aber das in der Oper beschriebene gesellschaftliche Leben mit all seinen Fallstricken bietet Anlass genug, aus heutiger Sicht einen Blick zwischen dem Ich und seinen pers\u00f6nlichen W\u00fcnschen\/Tr\u00e4umen und den Aufgaben, die [&hellip;]<\/p>\n","protected":false},"author":2,"featured_media":0,"parent":0,"menu_order":0,"comment_status":"closed","ping_status":"closed","template":"","meta":{"footnotes":""},"class_list":["post-7","page","type-page","status-publish","hentry"],"_links":{"self":[{"href":"https:\/\/unerhoert.net\/index.php?rest_route=\/wp\/v2\/pages\/7","targetHints":{"allow":["GET"]}}],"collection":[{"href":"https:\/\/unerhoert.net\/index.php?rest_route=\/wp\/v2\/pages"}],"about":[{"href":"https:\/\/unerhoert.net\/index.php?rest_route=\/wp\/v2\/types\/page"}],"author":[{"embeddable":true,"href":"https:\/\/unerhoert.net\/index.php?rest_route=\/wp\/v2\/users\/2"}],"replies":[{"embeddable":true,"href":"https:\/\/unerhoert.net\/index.php?rest_route=%2Fwp%2Fv2%2Fcomments&post=7"}],"version-history":[{"count":23,"href":"https:\/\/unerhoert.net\/index.php?rest_route=\/wp\/v2\/pages\/7\/revisions"}],"predecessor-version":[{"id":11043,"href":"https:\/\/unerhoert.net\/index.php?rest_route=\/wp\/v2\/pages\/7\/revisions\/11043"}],"wp:attachment":[{"href":"https:\/\/unerhoert.net\/index.php?rest_route=%2Fwp%2Fv2%2Fmedia&parent=7"}],"curies":[{"name":"wp","href":"https:\/\/api.w.org\/{rel}","templated":true}]}}

<h2>
                    <a href="https://unerhoert.net/screening-dido-und-aeneas/"><br />
Screening Dido und Aeneas                    </a></h2>
<p><!-- .elementskit-entry-header END --></p>
<p>Nordsee-Zeitung, 28.04.2021 Die Oper Dido und Aeneas des englischen Komponisten Henry Purcell ist zugegebener Maßen schon über 300 Jahre alt. Aber das in der Oper beschriebene gesellschaftliche Leben mit all seinen Fallstricken bietet Anlass genug, aus heutiger Sicht einen Blick zwischen dem Ich und seinen persönlichen Wünschen/Träumen und den Aufgaben, die die Anderen für einen […]</p>
<p><!-- .elementskit-post-footer END --><br />
<!-- .elementskit-post-body END --><br />
<!-- .elementskit-blog-block-post .radius .gradient-bg END --><br />
<a href="https://unerhoert.net/u114/"><br />
<img decoding="async" src="https://unerhoert.net/wp-content/uploads/2021/08/Now21-1024x576.jpg" alt="Unerhört 114 -Wolfgang Schliemann Portraitkonzert"><br />
</a><!-- .elementskit-entry-thumb END --></p>
<h2>
                    <a href="https://unerhoert.net/u114/"><br />
Unerhört 114 -Wolfgang Schliemann Portraitkonzert                    </a></h2>
<p><!-- .elementskit-entry-header END --></p>
<p>Ein percussives Geburtstagsständchen von Wolfgang Schliemann Sa. 9. Oktober 16 Uhr Der Wiesbadener Schlagwerker Wolfgang Schliemann begleitet seit über 30 Jahren die musikalischen Explorationen und Projekte von Unerhört. Der geschulte Improvisator ist ein unermüdlicher Netzwerker für die Neue Musik in Hessen. Er ist Mitinitiator von ARTist – Musik zur Zeit und dem HumaNoise Kongress.</p>
<p><!-- .elementskit-post-footer END --><br />
<!-- .elementskit-post-body END --><br />
<!-- .elementskit-blog-block-post .radius .gradient-bg END --><br />
<a href="https://unerhoert.net/u113/"><br />
<img decoding="async" src="https://unerhoert.net/wp-content/uploads/2021/08/Logo-Votragsreihe-Jubilaeum-1024x457.png" alt="Unerhört 113 Klangpol zu Gast in Bremerhaven"><br />
</a><!-- .elementskit-entry-thumb END --></p>
<h2>
                    <a href="https://unerhoert.net/u113/"><br />
Unerhört 113 Klangpol zu Gast in Bremerhaven                    </a></h2>
<p><!-- .elementskit-entry-header END --></p>
<p>Klangpol-Konzert 2021 „Formale Freiheit, experimentelle Verfahren, Bruitismus und Collage Bedient wird sich frech im weltenumspannenden musikalischen Kosmos. Kein Label hält länger als das Musikstück, das zur Aufführung gebracht wird.“ Unerhört- Verein für Neue Musik e.V. eröffnet mit dem Klangpolfestival seine Jubiläumswoche zum gemeinsamen 30. Geburtstag im Historischen Museum Bremerhaven mit einer audio-visuellen Museumsbespielung. Ralf Schreiber […]</p>
<p><!-- .elementskit-post-footer END --><br />
<!-- .elementskit-post-body END --><br />
<!-- .elementskit-blog-block-post .radius .gradient-bg END --><br />
<a href="https://unerhoert.net/u112/"><br />
<img decoding="async" src="https://unerhoert.net/wp-content/uploads/2021/08/Bild-16.08.21-um-22.40-768x1024.jpg" alt="Unerhört 112 – Langsaiten"><br />
</a><!-- .elementskit-entry-thumb END --></p>
<h2>
                    <a href="https://unerhoert.net/u112/"><br />
Unerhört 112 – Langsaiten                    </a></h2>
<p><!-- .elementskit-entry-header END --></p>
<p>Zusammen mit dem Pianisten Josep Maria Balanyà (Barcelona) und Ralf Schreiber (Köln) realisiert Jens Carstensen eine neue Langsaiteninstallation in der Christuskirche in Bremerhaven. Integriert in das Konzert bekommt das Konzept „Ziemlich Einsaitig“ nach den Präsentationen auf den Langen Nächten der Neuen Musik in Oldenburg und Bremen eine weitere Facette. Diese „einsaitige“ performative Installation mit und […]</p>
<p><!-- .elementskit-post-footer END --><br />
<!-- .elementskit-post-body END --><br />
<!-- .elementskit-blog-block-post .radius .gradient-bg END --></p>
<h2>
                    <a href="https://unerhoert.net/jens-carstensen/"><br />
Jens Carstensen                    </a></h2>
<p><!-- .elementskit-entry-header END --></p>
<p>leitet die Musik- und Medienwerkstatt an der Oberschule Geestemünde. In dieser Eigenschaft organisiert er im Rahmen der kulturellen Bildung künstlerisch orientierte Projekte mit Musik, Film, Theater und bildender Kunst. Ehrenamtliches Vorstandsmitglied bei Unerhört-Verein für Neue Musik e.V. in Bremerhaven Als Komponist und Musiker arbeitet Jens Carstensen konzeptionell mit Interesse an den Beziehungen zwischen Klangraum/Aufführungsort und […]</p>
<p><!-- .elementskit-post-footer END --><br />
<!-- .elementskit-post-body END --><br />
<!-- .elementskit-blog-block-post .radius .gradient-bg END --><br />
<a href="https://unerhoert.net/wir-uber-uns/"><br />
<img decoding="async" src="https://unerhoert.net/wp-content/uploads/2020/08/eiswerk_abacus5copy.jpg" alt="Wir über uns"><br />
</a><!-- .elementskit-entry-thumb END --></p>
<h2>
                    <a href="https://unerhoert.net/wir-uber-uns/"><br />
Wir über uns                    </a></h2>
<p><!-- .elementskit-entry-header END --></p>
<p>Unerwartete Klänge an ungewöhnlichen Orten sind seit mehr als 30 Jahren das Markenzeichen für die Konzerte des Vereins für Neue Musik „Unerhört“. Bereits um die Mitte der 1980er Jahre organisierte ein Kreis von Musikenthusiasten in Bremerhaven Konzerte mit junger zeitgenössischer Musik. Neben dem »alternativen« Kulturzentrum RoterSand wurden schnell Aufführungsorte in Galerien, Kirchen, Schiffsbauhallen und alten […]</p>
<p><!-- .elementskit-post-footer END --><br />
<!-- .elementskit-post-body END --><br />
<!-- .elementskit-blog-block-post .radius .gradient-bg END --></p>

<p>Screening Dido und Aeneas Nordsee-Zeitung, 28.04.2021 Die Oper Dido und Aeneas des englischen Komponisten Henry Purcell ist zugegebener Maßen schon über 300 Jahre alt. Aber das in der Oper beschriebene gesellschaftliche Leben mit all seinen Fallstricken bietet Anlass genug, aus heutiger Sicht einen Blick zwischen dem Ich und seinen persönlichen Wünschen/Träumen und den Aufgaben, die [&hellip;]</p>
